1635. Let u = 341 + -598. What are the prime factors of q/(4 + u/64)?
2
Suppose p + b = 6*b + 5, 4*b = p - 4. What are the prime factors of -12 + 896 - (-3)/(-9)*p?
2, 13, 17
Let s(x) = -x**3 + 5*x**2 + 12*x - 7. Suppose 4*l - 8*l = 660. Let d be l/(-30) + (-1)/2. What are the prime factors of s(d)?
53
Suppose -6*q + 3*f = -133797, -3*q + 4*f + 2882 + 64004 = 0. List the prime factors of q.
2, 3, 7, 59
Suppose -2*q + 28740 = 2*k, 5*k - q = 4*q + 71830. What are the prime factors of k?
2, 449
Suppose -48 = 3*v - 54. Suppose 2*c + 4*j - 391 = 351, v*j = -6. What are the prime factors of c?
13, 29
Let s be 2 - -899 - (-3 + 5 + 1). Suppose -s = 13*m - 3407. What are the prime factors of m?
193
Suppose 4*o - 14057 = -5289. Suppose 0 = 2*v + 6*v - o. Suppose 5*r = 3*r + v. List the prime factors of r.
137
Let z be (-107)/1 - -5*12/20. Suppose 2*p - 3*f = -f + 318, 5*f = 2*p - 330. Let q = p + z. What are the prime factors of q?
3, 17
Let i = 33434 + -17166. What are the prime factors of i?
2, 7, 83
Let f(r) = 96*r**2 - 39*r + 8. Let b be f(6). Suppose -4*n + b = g, -5*n + 4*g + 2881 + 1167 = 0. What are the prime factors of n?
2, 101
What are the prime factors of (-1146)/(-6)*49 - (-12 + 9)?
2, 31, 151
Let m be (6/(-2) - -3)*(2 - 1). Suppose -4*v - 8 = -m*v + 2*j, 0 = 4*j + 8. List the prime factors of -17*(3 + v - 7).
5, 17
Let c = -88 - -68. Let i = 162 + c. List the prime factors of i.
2, 71
Suppose f - 63025 = -8*a + 4*a, -3*a + 47264 = -4*f. What are the prime factors of a?
2, 3, 13, 101
Let h(a) = 3*a + 8. Let c be h(-4). Let m be (6/c)/(12/64*-4). Suppose t + 3*y = -m*y + 80, 3*t - 4*y = 297. What are the prime factors of t?
5, 19
Let y(n) = 4*n + 54. Let z be y(-13). Let t = 15 - 17. List the prime factors of 0 + -3 - t - (-44)/z.
3, 7
Let h = 2939 - 2060. Let o = 1315 - h. What are the prime factors of o?
2, 109
Suppose 133 = 50*v - 67. Suppose -v*t + 2*d + 298 = 0, -d - 3 + 4 = 0. What are the prime factors of t?
3, 5
Suppose 4*r - 148 = -h - 45, -6 = -2*h. Suppose -2*z + r + 351 = 0. Suppose -5*b - z = -9*b. What are the prime factors of b?
47
Suppose 5*g - 32 = 2*l - 5*l, g - 4 = 0. Suppose 583 = -2*d + 4*d + w, 0 = -l*w + 20. What are the prime factors of d?
17
What are the prime factors of 112918/10 - (3 - (-378)/(-90))?
23, 491
Let n = -13 - 23. Let x = n + 52. What are the prime factors of (-1)/((-6)/x)*3?
2
Suppose -7*g + 5852 = -2*g - 3*m, 0 = g - 3*m - 1168. List the prime factors of g.
1171
Suppose -2*g + 5*x - 37 = 0, 2*g + 5*x - 13 = -0. Let c(w) = -21*w - 38. List the prime factors of c(g).
2, 11
Let k = -722 + -1453. Let n = k - -3509. What are the prime factors of n?
2, 23, 29
Suppose 4*l = 3*f + 183, 5*l - 5*f = l + 185. Let m = l + -43. Suppose 0 = -s + m*a + 131, s - 48 - 81 = 3*a. List the prime factors of s.
3, 5
Let w be (7 + -8)/(-2 + 45/21). What are the prime factors of (5 + w - -14)*80?
2, 3, 5
Let d(j) = -4*j**3 - 18*j**2 - 34*j + 156. List the prime factors of d(-16).
2, 3119
Suppose 5*r - 2012 = -2*f, -5*f + 2425 + 2634 = -2*r. Let a = -515 + f. Suppose 0 = -0*i - i + 5*s + 116, -5*i + a = 3*s. List the prime factors of i.
101
Let z be 0/(7 + (6 - 7)). Suppose 4 - 5 = -c. What are the prime factors of 27 - z - -3*(2 - c)?
2, 3, 5
What are the prime factors of 4343/(-258)*(-318)/1?
53, 101
Suppose -i + 4486 = 4*g, i - 5*g - 2838 = 1603. List the prime factors of i.
2, 7, 11, 29
Let o(f) = -3*f**3 + 6*f**2 + 233*f - 167. What are the prime factors of o(-27)?
5, 11393
Let t = 502 + -485. Suppose 4143 - 743 = t*o. What are the prime factors of o?
2, 5
Suppose -23*s - 129894 = 18*s - 47*s. What are the prime factors of s?
21649
Let b(v) = -256*v + 478. What are the prime factors of b(-22)?
2, 5, 13, 47
Let c(h) = 4*h**2 - 6*h + 6. Suppose 6*r - 4*r = 28. Let s = r - 9. List the prime factors of c(s).
2, 19
Suppose 0 = -s + o + 779, 8*o - 3*o - 5 = 0. List the prime factors of 5/((-4 + s/196)*-1).
5, 7
Suppose -10782 = -s - 5*g, 0 = s - 4*g - 4181 - 6574. What are the prime factors of s?
3, 37, 97
Suppose -19*k + 32 = -82. Suppose -k*c + 2183 = -1993. What are the prime factors of c?
2, 3, 29
Suppose 11*g + 751 = 4755. Suppose 0*s = 5*s + 5*f - 1820, s + 4*f - g = 0. What are the prime factors of s?
2, 7, 13
Let a(d) = -d**3 - 13*d**2 + 14*d - 3. Let s be a(-14). Let b = s - -5. Suppose 0 = -b*k - 23 + 213. What are the prime factors of k?
5, 19
Let h(i) = 2*i**3 + 9*i**2 + 2. Let x(m) = -3*m**3 - 17*m**2 + m - 5. Let l(o) = -5*h(o) - 3*x(o). Let q be l(5). Let p = q + -2. List the prime factors of p.
13
Suppose 158*w - 218*w = -1040430 - 941310. List the prime factors of w.
33029
Suppose 81660 = 3*f + 5*o + 32034, 2*o = -f + 16541. What are the prime factors of f?
16547
Let a(k) be the third derivative of k**5/60 - k**4/8 - 2*k**3/3 + 4*k**2. Suppose 6*y + 4*y + 50 = 0. What are the prime factors of a(y)?
2, 3
Let x(r) = -2*r**3 - r**2 + r + 1. Let d(j) = 11*j**3 + 12*j**2 + 59*j + 17. Let m(y) = -d(y) - 6*x(y). List the prime factors of m(13).
3, 5, 7
Let l = 38 - 36. Let y(d) = d**3 - 2*d**2 - 2*d + 2. Let a be y(l). Let x(o) = 11*o**2. List the prime factors of x(a).
2, 11
Suppose 5*u = 5, 3*m + 19 = -0*u + 4*u. Let s be 28/(m*(-6)/75). Let b = s - 67. List the prime factors of b.
3
Let w(z) = 4*z + 1. Let u be w(-12). Let b = 39 + u. Let r(s) = 2*s**2 + 8*s - 7. What are the prime factors of r(b)?
3, 19
Let k(b) = -304*b + 260. Let d be k(5). Let i = -68 - d. What are the prime factors of i?
2, 149
Suppose 0 = -4*y + 2*y - 2*i - 118, -3*y = 4*i + 174. Let m = 248 + y. List the prime factors of m.
2, 3, 31
Let c(z) = z**3 + 11*z**2 - 19*z - 2. Suppose -18*r + 264 = -14*r. Let l = r + -78. What are the prime factors of c(l)?
2, 41
Suppose -v + 0*v - 179 = -3*y, 0 = -y - 5*v + 81. Let g = -62 + y. What are the prime factors of (-36)/24 - (121/(-2) - g)?
2, 29
Suppose 4*h - 3322 = -3*w, 10*w - 8*w + 836 = h. Let f = h + -464. What are the prime factors of f?
2, 23
Let m be 4*2*(-3)/(-2). Suppose -m = 3*z - z. What are the prime factors of 62/z*-3*1?
31
Suppose -13*v + v + 163788 = -0*v. List the prime factors of v.
13649
Let w be 4/(-3 - 1)*3 - -7. Let b be (2 + 2)*3/w. Suppose b*c - 63 = -s, 5*c = 3*s - 121 - 68. What are the prime factors of s?
3, 7
Let s = -101 - -126. Let a be ((s/2)/(-5))/((-6)/24). Let g(v) = 11*v + 53. What are the prime factors of g(a)?
163
Suppose -3*w - 5 = -4*j, 0 = w + 2*j - 7*j + 20. Suppose 5*a = -c + 41, 31 - w = 2*c - 4*a. List the prime factors of -1*((-2)/3)/(2/c).
7
Suppose -2*o = -59 + 59. Let x be (o - 47)/((-8 - -2)/6). List the prime factors of x + (3 + -5 - 2).
43
Suppose -5*p + 43*m = 54*m - 78623, -5*m + 62906 = 4*p. List the prime factors of p.
3, 7, 107
Let g(k) = k**3 + 6*k**2 + 2*k + 8. Let q be g(-5). Let d(y) = -7 - y**2 - q*y + 1 - 6. What are the prime factors of d(-14)?
2, 3, 19
Suppose -2*v - 5*i - 182 = -3*i, 0 = -2*v + 2*i - 194. Let n be -1 + 1 - (6 + v). Suppose -w = -3*f - n, -f + 76 = w + 2*f. What are the prime factors of w?
2, 41
Let w(x) = 8808*x**2 - 80*x - 79. What are the prime factors of w(-1)?
23, 383
Let i(v) = -27*v - 81. Let b be i(-3). Let g(t) be the third derivative of t**6/120 + t**5/60 + 19*t**3/2 - 3*t**2. List the prime factors of g(b).
3, 19
Let v(x) = -x**3 - x**2 - x - 2. Let y(k) = k**3 - 12*k**2 - k + 19. Let t(r) = -2*v(r) - y(r). What are the prime factors of t(-12)?
3, 79
Let j be (2*-1)/(26/26). Let x be (-20 + 6 + 3)*(-2)/j. Let f(z) = -19*z - 7. What are the prime factors of f(x)?
2, 101
Suppose -4*r = 2*q - 162, -116 + 493 = 5*q - 4*r. Suppose y = 2*l + 343, 0 = -y + l + 264 + q. List the prime factors of y.
3, 113
List the prime factors of 6/(-28) - (-1029477)/266.
2, 3, 5, 43
Let t = -151 + 245. Suppose 0 = x + 3*h - t, -5*x + 3*h = -2*x - 294. Let r = x + -56. List the prime factors of r.
41
Let y = 2843 + 158. List the prime factors of y.
3001
Let m be 417/(-2)*42/(-63). Let h = 431 + m. What are the prime factors of h?
2, 3, 5, 19
Let p(k) = -7*k + 35. Let l be p(8). Let r(o) = o**3 + 21*o**2 - 30*o - 55. What are the prime factors of r(l)?
5, 23
Suppose m - 5*y = 29, 3*m + 2*m - 2*y - 76 = 0. Suppose 4 = q - m. List the prime factors of ((-208)/39)/((-2)/q).
2, 3
Suppose 5371775 + 2168457 = 232*d. List the prime factor